(p). What is the remainder when 64 is divided by t(13)?
20
Suppose -3*z - 57 = -6*z. Suppose 5*q - 7 = -4*u + 178, 2*u - 4*q - 60 = 0. Suppose 3*x = -x + u. Calculate the remainder when z is divided by x.
9
Let p(d) = 25*d + 2. What is the remainder when 79 is divided by p(1)?
25
Suppose -11*o - 29 = -216. Calculate the remainder when 186 is divided by o.
16
Let m(z) be the first derivative of -z**2/2 + 2*z - 1. What is the remainder when m(0) is divided by 2?
0
Let w = -3 + 16. Let k be 1 + 4/(1 - 0). Suppose 120 = 6*n - n + 5*q, 0 = k*n - 3*q - 120. Calculate the remainder when n is divided by w.
11
Let n(x) = 8*x**2 - 2*x - 1. What is the remainder when n(2) is divided by 15?
12
Suppose f - 5*n - 30 = 0, 4*f - 120 = -n + 6*n. What is the remainder when 111 is divided by f?
21
Let c(x) = x**3 - 26*x**2 + 51*x + 4. What is the remainder when c(24) is divided by 29?
18
What is the remainder when 55 is divided by (-26)/(-39) + (-164)/(-6)?
27
Suppose 2*b + 5*l = -b + 45, -2*b + 30 = l. Let r(t) = t**3 - 2*t**2 - 6*t - 1. Calculate the remainder when r(5) is divided by b.
14
Let y(l) = l**3 + 3*l**2 - 2*l - 3. Suppose 4*x = -3*p - 24, 0*x + 4*p - 7 = -x. Let a = x - -17. What is the remainder when a is divided by y(-3)?
2
Suppose -10 = -2*w - 3*w. Suppose q + 18 = w*q. What is the remainder when 71 is divided by q?
17
Suppose -26 - 34 = -4*r. Let o = 41 + -12. Calculate the remainder when o is divided by r.
14
Calculate the remainder when ((-2)/(-6))/(4/36) is divided by 3.
0
Let j be 3/(0 + -3)*1. What is the remainder when (-52)/j - (-3)/(-1) is divided by 13?
10
What is the remainder when 7 + -4 + 4/((-8)/(-178)) is divided by 19?
16
Let x = -2 + 4. Let d = 10 + x. What is the remainder when -141*(-1 - 2/(-3)) is divided by d?
11
Let r(d) = 2*d**2 + 9*d + 1. What is the remainder when r(-9) is divided by 42?
40
Let f = 0 - -6. Let z(o) = o**3 + 12*o**2 - 12*o + 17. What is the remainder when f is divided by z(-13)?
2
Suppose -4*f + 196 = 48. Let p(w) = 11*w - 1. What is the remainder when f is divided by p(1)?
7
Suppose -4*g - 12 = -40. Suppose 3*h - 4*x = 2*h + g, -2*h + x + 14 = 0. Calculate the remainder when h is divided by 5.
2
Let b = -21 + 37. Let i(u) = 9*u. Calculate the remainder when b is divided by i(1).
7
Let t(x) = 32*x**3 - x**2 + 2*x - 1. What is the remainder when t(1) is divided by 17?
15
Suppose 2*c + 230 = 7*c. Suppose -4*l = -c + 2. Let r = 2 + 18. What is the remainder when r is divided by l?
9
Let u = 99 - -3. Suppose -n = 2*v - u, -2*v + 0*n + 92 = -4*n. What is the remainder when v is divided by (-4)/1*119/(-28)?
16
Let h be 831/21 + (-9)/(-21). Suppose 240 = 5*t + h. What is the remainder when t is divided by 14?
12
Suppose 0 = -r + 25 + 23. Calculate the remainder when 39 is divided by ((-5)/(-3))/(8/r).
9
What is the remainder when (1 + 0)/((-4)/2280*-5) is divided by 39?
36
Let q be 0 - (-3 - (2 + 38)). Suppose b + 2*s = 36, -b - 3*s + q = 2. What is the remainder when 50 is divided by b?
24
Let p(s) = -s**3 + 6*s**2 + 8*s + 3. Let v be p(7). Let i be (-118)/v + 2/(-10). Let y = i + 27. Calculate the remainder when 58 is divided by y.
13
Let d be 12/15*65*-1. Let s = 23 - d. Suppose -k + s = 2*k. Calculate the remainder when k is divided by 9.
7
Suppose 4*q = 2*f - 8, -6*f = -9*f - q + 26. What is the remainder when 54 is divided by f?
6
Let l(a) = 2*a**2 + 9*a - 6. Calculate the remainder when l(-7) is divided by 6.
5
Let g(d) = -4*d**2 + d - 2. Let r be g(-2). Let j = r - -36. Calculate the remainder when -58*((-10)/(-4))/(-5) is divided by j.
13
Suppose -2*q - 2*q + 44 = 0. Calculate the remainder when q is divided by 7.
4
Suppose 6 = -13*y + 15*y. Calculate the remainder when 3 is divided by y.
0
Let w = 19 - -123. Suppose 0*g - g = -b - 33, 4*g = -b + w. What is the remainder when 7 is divided by g/20 - 2/(-8)?
1
Let w(y) = -y**2 - 12*y + 4. Calculate the remainder when 59 is divided by w(-9).
28
Let b(x) = 10*x - 3. Let a be (-3)/((-3)/6*3). What is the remainder when b(a) is divided by 9?
8
Let y = 14 + 7. What is the remainder when y is divided by 11?
10
Suppose -4*i + 34 = 3*q, i + 0 = -2. What is the remainder when q is divided by 38/10 + -3 + (-48)/(-15)?
2
Suppose -80 = 4*v - 100. What is the remainder when 23 is divided by v?
3
Let f(p) = 3*p + 1. What is the remainder when (4 + 2/8*4)*5 is divided by f(4)?
12
Let u = 18 - 3. Suppose -m + 15 = -u. Let a = 50 + -34. What is the remainder when m is divided by a?
14
Suppose 26 = 3*o + 5*p - 39, -2*p = -o + 18. What is the remainder when 53 is divided by o?
13
Suppose -5*y = -4*x + x - 96, 0 = -2*x + 6. Suppose a - y = -7. What is the remainder when (-13)/4*-1*12 is divided by a?
11
Let t = 6 + -2. Suppose -68 = -5*z + 3*o, 5*z - 48 = z - 4*o. What is the remainder when z is divided by t?
1
Let y = 5 + -5. Suppose -4*f - f + 260 = y. Calculate the remainder when f is divided by 27.
25
Suppose 0*z - 6*z + 24 = 0. Suppose -z*t + 124 = -24. Calculate the remainder when t is divided by 10.
7
Suppose 4*u + 14 = -i + u, 5*u = 2*i - 27. Suppose 2*h - 7 = i. Calculate the remainder when 13 is divided by h.
1
Let c(z) = z**2 - z - 4. What is the remainder when 23 is divided by c(-3)?
7
Suppose 0 = 5*y - y - 120. Calculate the remainder when 57 is divided by y.
27
Suppose 275 = 5*o + 5*w, 3*w = 7*o - 3*o - 185. Suppose 97 = -4*a - 39. Let j = o + a. What is the remainder when 46 is divided by j?
14
Let g = 35 - 15. Let c = -18 + 29. What is the remainder when g is divided by c?
9
Let j(v) = v**2 + 5*v + 3. Let m be j(-3). Let q = m + 8. Suppose 16 = q*d - 99. Calculate the remainder when d is divided by 12.
11
Let m(v) = v**2 - v + 1. Let u(r) = r**3 + 2*r**2 - 7*r - 5. Let n be u(-4). What is the remainder when (-10 - n)*-1*5 is divided by m(2)?
2
Let x = 2 + 7. Let n = -56 + 71. What is the remainder when n is divided by x?
6
Let f(k) = 5*k. Let z(p) = -2 - 4 + 4 + 10*p + 3. Let o(y) = 5*f(y) - 2*z(y). What is the remainder when 15 is divided by o(2)?
7
Suppose -3*b = -4*b + 13. Let r be -8*(3/(-2) - -2). Let q = r + b. Calculate the remainder when q is divided by 5.
4
Suppose 2*m + m = 99. Suppose 0 = p + 2*p - m. Calculate the remainder when 20 is divided by p.
9
Suppose -12 = 2*l - 0. Calculate the remainder when ((-2)/(-3))/(l/(-279)) is divided by 17.
14
Let u = -17 - -9. Let b = u + 12. Suppose 0 = 3*g - g + 4*l - 6, 0 = -2*g + l + 26. What is the remainder when g is divided by b?
3
Let g = -79 + 86. Calculate the remainder when 24 is divided by g.
3
Suppose -2*d = d. Suppose -3*j = -k - d*k + 16, 3*k - 4*j - 48 = 0. Suppose p - 13 = 34. What is the remainder when p is divided by k?
15
Let j(y) = 17*y**2 + 7*y + 1. Let v(f) = 51*f**2 + 20*f + 3. Let o(r) = -17*j(r) + 6*v(r). What is the remainder when o(-1) is divided by 9?
8
Calculate the remainder when ((-156)/10)/((-14)/35) is divided by 10.
9
Let w(t) = t**2 - 11*t + 5. Let i = 16 - 5. What is the remainder when 18 is divided by w(i)?
3
Calculate the remainder when (-2 + 12)/(5/20) is divided by 14.
12
Let t(w) = 3*w**2 + 4*w + 3. What is the remainder when 33 is divided by t(-2)?
5
Let p = 38 + -16. Suppose -6 = 3*l, 2 = w + 2*l + 22. Let d = 28 + w. Calculate the remainder when p is divided by d.
10
Let g(l) = 3 + 3*l + 4*l - 6 + l**2. What is the remainder when 14 is divided by g(-8)?
4
Suppose 21 = k - 2. Calculate the remainder when k is divided by ((-96)/56)/((-3)/21).
11
Calculate the remainder when ((-3)/2)/((-6)/56) is divided by 9.
5
Let d(k) = k**2 + 15*k + 29. Calculate the remainder when 38 is divided by d(-13).
2
Let z(r) = -r**3 + 8*r**2 + 15*r + 4. Let u be z(11). Let x = -135 - u. What is the remainder when x is divided by 12?
11
Suppose -59 = -4*k - c, -4*k + 3*k - 5*c + 10 = 0. Suppose -3*b - 34 = 23. Let d = 27 + b. Calculate the remainder when k is divided by d.
7
Let o(d) = -d**2 + 7*d + 1. Let h be o(6). Suppose 0 = h*c - 3*c - 104. Calculate the remainder when c is divided by 14.
12
Suppose -6 = 3*j, 5*j + 2 + 53 = 3*i. Calculate the remainder when i is divided by (-4)/(-14) + (-61)/(-7).
6
Suppose -4*h = -7*h + 87. What is the remainder when 55 is divided by h?
26
Let v be 6/4 - (-6)/4. Suppose 0 = 3*d + d + a - 25, 3*a = -v*d + 21. Calculate the remainder when 16 is divide